{"id":306,"date":"2024-10-09T20:08:02","date_gmt":"2024-10-09T20:08:02","guid":{"rendered":"http:\/\/www.byrejisor.com\/?page_id=306"},"modified":"2025-09-29T07:50:43","modified_gmt":"2025-09-29T07:50:43","slug":"sozun-ozu","status":"publish","type":"page","link":"https:\/\/www.byrejisor.com\/","title":{"rendered":"Yavuz \u00c7uhac\u0131 official website"},"content":{"rendered":"\t\t<div data-elementor-type=\"wp-page\" data-elementor-id=\"306\" class=\"elementor elementor-306\">\n\t\t\t\t<div class=\"elementor-element elementor-element-ed44252 e-flex e-con-boxed e-con e-parent\" data-id=\"ed44252\" data-element_type=\"container\" data-e-type=\"container\">\n\t\t\t\t\t<div class=\"e-con-inner\">\n\t\t\t\t<div class=\"elementor-element elementor-element-c920dc4 animated-slow elementor-invisible elementor-widget elementor-widget-text-editor\" data-id=\"c920dc4\" data-element_type=\"widget\" data-e-type=\"widget\" data-settings=\"{&quot;_animation&quot;:&quot;slideInRight&quot;,&quot;_animation_mobile&quot;:&quot;zoomIn&quot;,&quot;_animation_delay&quot;:10}\" data-widget_type=\"text-editor.default\">\n\t\t\t\t<div class=\"elementor-widget-container\">\n\t\t\t\t\t\t\t\t\t<p style=\"text-align: center;\"><b>MEYDANDA <\/b><b>DE\u011e\u0130LSEN <\/b><\/p><p style=\"text-align: center;\"><b>MEYDAN <\/b><b>OKUYAMAZSIN<\/b><\/p><p style=\"text-align: center;\"><em><strong>\u00a9Yavuz \u00c7uhac\u0131<\/strong><\/em><\/p>\t\t\t\t\t\t\t\t<\/div>\n\t\t\t\t<\/div>\n\t\t\t\t\t<\/div>\n\t\t\t\t<\/div>\n\t\t<div class=\"elementor-element elementor-element-9f9f868 e-flex e-con-boxed e-con e-parent\" data-id=\"9f9f868\" data-element_type=\"container\" data-e-type=\"container\">\n\t\t\t\t\t<div class=\"e-con-inner\">\n\t\t\t\t<div class=\"elementor-element elementor-element-b948ee6 elementor-widget__width-initial elementor-widget elementor-widget-wp-widget-media_audio\" data-id=\"b948ee6\" data-element_type=\"widget\" data-e-type=\"widget\" data-widget_type=\"wp-widget-media_audio.default\">\n\t\t\t\t<div class=\"elementor-widget-container\">\n\t\t\t\t\t<!--[if lt IE 9]><script>document.createElement('audio');<\/script><![endif]-->\n<audio class=\"wp-audio-shortcode\" id=\"audio-306-1\" preload=\"auto\" style=\"width: 100%;\" controls=\"controls\"><source type=\"audio\/mpeg\" src=\"https:\/\/www.byrejisor.com\/wp-content\/uploads\/2024\/10\/A.S.K.mp3?_=1\" \/><source type=\"audio\/mpeg\" src=\"http:\/\/www.byrejisor.com\/wp-content\/uploads\/2024\/10\/A.S.K.mp3?_=1\" \/><a href=\"https:\/\/www.byrejisor.com\/wp-content\/uploads\/2024\/10\/A.S.K.mp3\">https:\/\/www.byrejisor.com\/wp-content\/uploads\/2024\/10\/A.S.K.mp3<\/a><\/audio>\t\t\t\t<\/div>\n\t\t\t\t<\/div>\n\t\t\t\t\t<\/div>\n\t\t\t\t<\/div>\n\t\t\t\t<\/div>\n\t\t","protected":false},"excerpt":{"rendered":"<p>MEYDANDA DE\u011e\u0130LSEN MEYDAN OKUYAMAZSIN \u00a9Yavuz \u00c7uhac\u0131<\/p>\n","protected":false},"author":1,"featured_media":0,"parent":0,"menu_order":0,"comment_status":"closed","ping_status":"closed","template":"","meta":{"inspiro_hide_title":false,"footnotes":""},"class_list":["post-306","page","type-page","status-publish","hentry"],"yoast_head":"<!-- This site is optimized with the Yoast SEO plugin v27.4 - https:\/\/yoast.com\/product\/yoast-seo-wordpress\/ -->\n<title>Yavuz \u00c7uhac\u0131 official website - Byrejisor H.A.S<\/title>\n<meta name=\"description\" content=\"Her sessizli\u011fin senin duymad\u0131\u011f\u0131n bir f\u0131s\u0131lt\u0131s\u0131 vard\u0131r. byrejisor H.A.S Yavuz \u00c7uhac\u0131 Selma \u00c7uhac\u0131 Derya Temur Da\u011fhan \u00c7uhac\u0131 L\u00e2l \u00c7uhac\u0131 Popm\u00fczik\" \/>\n<meta name=\"robots\" content=\"index, follow, max-snippet:-1, max-image-preview:large, max-video-preview:-1\" \/>\n<link rel=\"canonical\" href=\"https:\/\/www.byrejisor.com\/\" \/>\n<meta property=\"og:locale\" content=\"tr_TR\" \/>\n<meta property=\"og:type\" content=\"article\" \/>\n<meta property=\"og:title\" content=\"Yavuz \u00c7uhac\u0131 official website - Byrejisor H.A.S\" \/>\n<meta property=\"og:description\" content=\"Her sessizli\u011fin senin duymad\u0131\u011f\u0131n bir f\u0131s\u0131lt\u0131s\u0131 vard\u0131r. byrejisor H.A.S Yavuz \u00c7uhac\u0131 Selma \u00c7uhac\u0131 Derya Temur Da\u011fhan \u00c7uhac\u0131 L\u00e2l \u00c7uhac\u0131 Popm\u00fczik\" \/>\n<meta property=\"og:url\" content=\"https:\/\/www.byrejisor.com\/\" \/>\n<meta property=\"og:site_name\" content=\"Byrejisor H.A.S\" \/>\n<meta property=\"article:publisher\" content=\"https:\/\/www.facebook.com\/share\/15dknzBC33\/\" \/>\n<meta property=\"article:modified_time\" content=\"2025-09-29T07:50:43+00:00\" \/>\n<meta name=\"twitter:card\" content=\"summary_large_image\" \/>\n<meta name=\"twitter:label1\" content=\"Tahmini okuma s\u00fcresi\" \/>\n\t<meta name=\"twitter:data1\" content=\"1 dakika\" \/>\n<script type=\"application\/ld+json\" class=\"yoast-schema-graph\">{\"@context\":\"https:\\\/\\\/schema.org\",\"@graph\":[{\"@type\":\"WebPage\",\"@id\":\"https:\\\/\\\/www.byrejisor.com\\\/\",\"url\":\"https:\\\/\\\/www.byrejisor.com\\\/\",\"name\":\"Yavuz \u00c7uhac\u0131 official website - Byrejisor H.A.S\",\"isPartOf\":{\"@id\":\"https:\\\/\\\/www.byrejisor.com\\\/#website\"},\"datePublished\":\"2024-10-09T20:08:02+00:00\",\"dateModified\":\"2025-09-29T07:50:43+00:00\",\"description\":\"Her sessizli\u011fin senin duymad\u0131\u011f\u0131n bir f\u0131s\u0131lt\u0131s\u0131 vard\u0131r. byrejisor H.A.S Yavuz \u00c7uhac\u0131 Selma \u00c7uhac\u0131 Derya Temur Da\u011fhan \u00c7uhac\u0131 L\u00e2l \u00c7uhac\u0131 Popm\u00fczik\",\"breadcrumb\":{\"@id\":\"https:\\\/\\\/www.byrejisor.com\\\/#breadcrumb\"},\"inLanguage\":\"tr\",\"potentialAction\":[{\"@type\":\"ReadAction\",\"target\":[\"https:\\\/\\\/www.byrejisor.com\\\/\"]}]},{\"@type\":\"BreadcrumbList\",\"@id\":\"https:\\\/\\\/www.byrejisor.com\\\/#breadcrumb\",\"itemListElement\":[{\"@type\":\"ListItem\",\"position\":1,\"name\":\"Anasayfa\",\"item\":\"https:\\\/\\\/www.byrejisor.com\\\/\"},{\"@type\":\"ListItem\",\"position\":2,\"name\":\"Yavuz \u00c7uhac\u0131 official website\"}]},{\"@type\":\"WebSite\",\"@id\":\"https:\\\/\\\/www.byrejisor.com\\\/#website\",\"url\":\"https:\\\/\\\/www.byrejisor.com\\\/\",\"name\":\"Byrejisor H.A.S\",\"description\":\"Yavuz &Ccedil;uhac\u0131 official Web site\",\"publisher\":{\"@id\":\"https:\\\/\\\/www.byrejisor.com\\\/#organization\"},\"potentialAction\":[{\"@type\":\"SearchAction\",\"target\":{\"@type\":\"EntryPoint\",\"urlTemplate\":\"https:\\\/\\\/www.byrejisor.com\\\/?s={search_term_string}\"},\"query-input\":{\"@type\":\"PropertyValueSpecification\",\"valueRequired\":true,\"valueName\":\"search_term_string\"}}],\"inLanguage\":\"tr\"},{\"@type\":\"Organization\",\"@id\":\"https:\\\/\\\/www.byrejisor.com\\\/#organization\",\"name\":\"Byrejisor H.A.S\",\"url\":\"https:\\\/\\\/www.byrejisor.com\\\/\",\"logo\":{\"@type\":\"ImageObject\",\"inLanguage\":\"tr\",\"@id\":\"https:\\\/\\\/www.byrejisor.com\\\/#\\\/schema\\\/logo\\\/image\\\/\",\"url\":\"https:\\\/\\\/www.byrejisor.com\\\/wp-content\\\/uploads\\\/2024\\\/11\\\/cropped-byrejisor-H.A-S.LogoS_.png\",\"contentUrl\":\"https:\\\/\\\/www.byrejisor.com\\\/wp-content\\\/uploads\\\/2024\\\/11\\\/cropped-byrejisor-H.A-S.LogoS_.png\",\"width\":2586,\"height\":2657,\"caption\":\"Byrejisor H.A.S\"},\"image\":{\"@id\":\"https:\\\/\\\/www.byrejisor.com\\\/#\\\/schema\\\/logo\\\/image\\\/\"},\"sameAs\":[\"https:\\\/\\\/www.facebook.com\\\/share\\\/15dknzBC33\\\/\",\"https:\\\/\\\/www.instagram.com\\\/yavuz.cuhaci?igsh=Nndnbnh1a3BuN2dz\"]}]}<\/script>\n<!-- \/ Yoast SEO plugin. -->","yoast_head_json":{"title":"Yavuz \u00c7uhac\u0131 official website - Byrejisor H.A.S","description":"Her sessizli\u011fin senin duymad\u0131\u011f\u0131n bir f\u0131s\u0131lt\u0131s\u0131 vard\u0131r. byrejisor H.A.S Yavuz \u00c7uhac\u0131 Selma \u00c7uhac\u0131 Derya Temur Da\u011fhan \u00c7uhac\u0131 L\u00e2l \u00c7uhac\u0131 Popm\u00fczik","robots":{"index":"index","follow":"follow","max-snippet":"max-snippet:-1","max-image-preview":"max-image-preview:large","max-video-preview":"max-video-preview:-1"},"canonical":"https:\/\/www.byrejisor.com\/","og_locale":"tr_TR","og_type":"article","og_title":"Yavuz \u00c7uhac\u0131 official website - Byrejisor H.A.S","og_description":"Her sessizli\u011fin senin duymad\u0131\u011f\u0131n bir f\u0131s\u0131lt\u0131s\u0131 vard\u0131r. byrejisor H.A.S Yavuz \u00c7uhac\u0131 Selma \u00c7uhac\u0131 Derya Temur Da\u011fhan \u00c7uhac\u0131 L\u00e2l \u00c7uhac\u0131 Popm\u00fczik","og_url":"https:\/\/www.byrejisor.com\/","og_site_name":"Byrejisor H.A.S","article_publisher":"https:\/\/www.facebook.com\/share\/15dknzBC33\/","article_modified_time":"2025-09-29T07:50:43+00:00","twitter_card":"summary_large_image","twitter_misc":{"Tahmini okuma s\u00fcresi":"1 dakika"},"schema":{"@context":"https:\/\/schema.org","@graph":[{"@type":"WebPage","@id":"https:\/\/www.byrejisor.com\/","url":"https:\/\/www.byrejisor.com\/","name":"Yavuz \u00c7uhac\u0131 official website - Byrejisor H.A.S","isPartOf":{"@id":"https:\/\/www.byrejisor.com\/#website"},"datePublished":"2024-10-09T20:08:02+00:00","dateModified":"2025-09-29T07:50:43+00:00","description":"Her sessizli\u011fin senin duymad\u0131\u011f\u0131n bir f\u0131s\u0131lt\u0131s\u0131 vard\u0131r. byrejisor H.A.S Yavuz \u00c7uhac\u0131 Selma \u00c7uhac\u0131 Derya Temur Da\u011fhan \u00c7uhac\u0131 L\u00e2l \u00c7uhac\u0131 Popm\u00fczik","breadcrumb":{"@id":"https:\/\/www.byrejisor.com\/#breadcrumb"},"inLanguage":"tr","potentialAction":[{"@type":"ReadAction","target":["https:\/\/www.byrejisor.com\/"]}]},{"@type":"BreadcrumbList","@id":"https:\/\/www.byrejisor.com\/#breadcrumb","itemListElement":[{"@type":"ListItem","position":1,"name":"Anasayfa","item":"https:\/\/www.byrejisor.com\/"},{"@type":"ListItem","position":2,"name":"Yavuz \u00c7uhac\u0131 official website"}]},{"@type":"WebSite","@id":"https:\/\/www.byrejisor.com\/#website","url":"https:\/\/www.byrejisor.com\/","name":"Byrejisor H.A.S","description":"Yavuz &Ccedil;uhac\u0131 official Web site","publisher":{"@id":"https:\/\/www.byrejisor.com\/#organization"},"potentialAction":[{"@type":"SearchAction","target":{"@type":"EntryPoint","urlTemplate":"https:\/\/www.byrejisor.com\/?s={search_term_string}"},"query-input":{"@type":"PropertyValueSpecification","valueRequired":true,"valueName":"search_term_string"}}],"inLanguage":"tr"},{"@type":"Organization","@id":"https:\/\/www.byrejisor.com\/#organization","name":"Byrejisor H.A.S","url":"https:\/\/www.byrejisor.com\/","logo":{"@type":"ImageObject","inLanguage":"tr","@id":"https:\/\/www.byrejisor.com\/#\/schema\/logo\/image\/","url":"https:\/\/www.byrejisor.com\/wp-content\/uploads\/2024\/11\/cropped-byrejisor-H.A-S.LogoS_.png","contentUrl":"https:\/\/www.byrejisor.com\/wp-content\/uploads\/2024\/11\/cropped-byrejisor-H.A-S.LogoS_.png","width":2586,"height":2657,"caption":"Byrejisor H.A.S"},"image":{"@id":"https:\/\/www.byrejisor.com\/#\/schema\/logo\/image\/"},"sameAs":["https:\/\/www.facebook.com\/share\/15dknzBC33\/","https:\/\/www.instagram.com\/yavuz.cuhaci?igsh=Nndnbnh1a3BuN2dz"]}]}},"_links":{"self":[{"href":"https:\/\/www.byrejisor.com\/index.php\/wp-json\/wp\/v2\/pages\/306","targetHints":{"allow":["GET"]}}],"collection":[{"href":"https:\/\/www.byrejisor.com\/index.php\/wp-json\/wp\/v2\/pages"}],"about":[{"href":"https:\/\/www.byrejisor.com\/index.php\/wp-json\/wp\/v2\/types\/page"}],"author":[{"embeddable":true,"href":"https:\/\/www.byrejisor.com\/index.php\/wp-json\/wp\/v2\/users\/1"}],"replies":[{"embeddable":true,"href":"https:\/\/www.byrejisor.com\/index.php\/wp-json\/wp\/v2\/comments?post=306"}],"version-history":[{"count":175,"href":"https:\/\/www.byrejisor.com\/index.php\/wp-json\/wp\/v2\/pages\/306\/revisions"}],"predecessor-version":[{"id":1142,"href":"https:\/\/www.byrejisor.com\/index.php\/wp-json\/wp\/v2\/pages\/306\/revisions\/1142"}],"wp:attachment":[{"href":"https:\/\/www.byrejisor.com\/index.php\/wp-json\/wp\/v2\/media?parent=306"}],"curies":[{"name":"wp","href":"https:\/\/api.w.org\/{rel}","templated":true}]}}